{"id":67,"date":"2025-04-07T15:06:54","date_gmt":"2025-04-07T15:06:54","guid":{"rendered":"https:\/\/itf-senegal.com\/?page_id=67"},"modified":"2025-04-07T16:36:52","modified_gmt":"2025-04-07T16:36:52","slug":"mot-du-president","status":"publish","type":"page","link":"https:\/\/itf-senegal.com\/index.php\/mot-du-president\/","title":{"rendered":"Mot du Pr\u00e9sident"},"content":{"rendered":"<p><span class=\"fontstyle0\"><img fetchpriority=\"high\" decoding=\"async\" class=\"alignright wp-image-88 size-large\" src=\"https:\/\/itf-senegal.com\/wp-content\/uploads\/2025\/04\/Mot-du-president-Demba-Seck-1024x816.jpeg\" alt=\"\" width=\"640\" height=\"510\" srcset=\"https:\/\/itf-senegal.com\/wp-content\/uploads\/2025\/04\/Mot-du-president-Demba-Seck-1024x816.jpeg 1024w, https:\/\/itf-senegal.com\/wp-content\/uploads\/2025\/04\/Mot-du-president-Demba-Seck-300x239.jpeg 300w, https:\/\/itf-senegal.com\/wp-content\/uploads\/2025\/04\/Mot-du-president-Demba-Seck-768x612.jpeg 768w, https:\/\/itf-senegal.com\/wp-content\/uploads\/2025\/04\/Mot-du-president-Demba-Seck.jpeg 1080w\" sizes=\"(max-width: 640px) 100vw, 640px\" \/>Chers pratiquants, passionn\u00e9s et visiteurs,<\/span><\/p>\n<p><span class=\"fontstyle0\">C\u2019est avec un immense honneur et une grande responsabilit\u00e9 que je m\u2019adresse \u00e0 vous en tant que Pr\u00e9sident de l\u2019Association de Taekwon-Do ITF du S\u00e9n\u00e9gal.<\/span><\/p>\n<p><span class=\"fontstyle0\">Notre mission est simple mais ambitieuse : faire rayonner le Taekwon-Do ITF au S\u00e9n\u00e9gal et en Afrique, en transmettant fid\u00e8lement l\u2019enseignement traditionnel du G\u00e9n\u00e9ral Choi Hong Hi, fondateur de notre art martial.<\/span><\/p>\n<p><span class=\"fontstyle0\">Depuis l\u2019introduction du Taekwon-Do ITF au S\u00e9n\u00e9gal en 2017, notre communaut\u00e9 n\u2019a cess\u00e9 de grandir, gr\u00e2ce \u00e0 l\u2019engagement de nos instructeurs, la passion de nos \u00e9l\u00e8ves, et le soutien ind\u00e9fectible de nos partenaires. Aujourd\u2019hui, nous comptons plusieurs clubs dynamiques, des instructeurs certifi\u00e9s, des champions continentaux, et une \u00e9nergie collective tourn\u00e9e vers l\u2019excellence.<\/span><\/p>\n<p><span class=\"fontstyle0\">\u00c0 travers ce site, nous souhaitons :<\/span><\/p>\n<ul>\n<li><span class=\"fontstyle0\">mieux communiquer sur nos activit\u00e9s,<\/span><\/li>\n<li>informer les pratiquants et les familles,<\/li>\n<li>f\u00e9d\u00e9rer tous ceux qui croient aux valeurs du Taekwon-Do : courtoisie, int\u00e9grit\u00e9, pers\u00e9v\u00e9rance,<\/li>\n<li>ma\u00eetrise de soi et courage indomptable.<\/li>\n<\/ul>\n<p><span class=\"fontstyle0\">Nous avons l\u2019ambition d\u2019ouvrir nos portes \u00e0 toutes les r\u00e9gions du S\u00e9n\u00e9gal, d\u2019organiser des \u00e9v\u00e9nements internationaux, et de faire \u00e9merger une nouvelle g\u00e9n\u00e9ration de pratiquants inspir\u00e9s, disciplin\u00e9s et pr\u00eats \u00e0 repr\u00e9senter fi\u00e8rement notre nation sur les tatamis du monde entier.<\/span><\/p>\n<p><span class=\"fontstyle0\">Merci \u00e0 chacun d\u2019entre vous pour votre confiance, votre implication, et votre amour du Taekwon-Do ITF. <\/span><\/p>\n<p><span class=\"fontstyle0\">Taekwon !<\/span><\/p>\n","protected":false},"excerpt":{"rendered":"<p>Chers pratiquants, passionn\u00e9s et visiteurs, C\u2019est avec un immense honneur et une grande responsabilit\u00e9 que je m\u2019adresse \u00e0 vous en tant que Pr\u00e9sident de l\u2019Association de Taekwon-Do ITF du S\u00e9n\u00e9gal. Notre mission est simple mais ambitieuse : faire rayonner le Taekwon-Do ITF au S\u00e9n\u00e9gal et en Afrique, en transmettant fid\u00e8lement l\u2019enseignement traditionnel du G\u00e9n\u00e9ral Choi Hong Hi, fondateur de notre art martial. Depuis l\u2019introduction du Taekwon-Do ITF au S\u00e9n\u00e9gal en 2017, notre communaut\u00e9 n\u2019a cess\u00e9 de grandir, gr\u00e2ce \u00e0 l\u2019engagement de nos instructeurs, la passion de nos \u00e9l\u00e8ves, et le soutien ind\u00e9fectible de nos partenaires. Aujourd\u2019hui, nous comptons plusieurs clubs dynamiques, des instructeurs certifi\u00e9s, des champions continentaux, et une \u00e9nergie collective tourn\u00e9e vers l\u2019excellence. \u00c0 travers ce site, nous souhaitons : mieux communiquer sur nos activit\u00e9s, informer les pratiquants et les familles, f\u00e9d\u00e9rer tous ceux qui croient aux valeurs du Taekwon-Do : courtoisie, int\u00e9grit\u00e9, pers\u00e9v\u00e9rance, ma\u00eetrise de soi et courage indomptable. Nous avons l\u2019ambition d\u2019ouvrir nos portes \u00e0 toutes les r\u00e9gions du S\u00e9n\u00e9gal, d\u2019organiser des \u00e9v\u00e9nements internationaux, et de faire \u00e9merger une nouvelle g\u00e9n\u00e9ration de pratiquants inspir\u00e9s, disciplin\u00e9s et pr\u00eats \u00e0 repr\u00e9senter fi\u00e8rement notre nation sur les tatamis du monde entier. Merci \u00e0 chacun d\u2019entre vous pour votre confiance, votre implication, et votre amour du Taekwon-Do ITF. Taekwon !<\/p>\n","protected":false},"author":1,"featured_media":0,"parent":0,"menu_order":0,"comment_status":"closed","ping_status":"closed","template":"","meta":{"_regular_price":[],"currency_symbol":[],"_price":"","_stock":"","_tribe_ticket_header":"","_tribe_default_ticket_provider":"","_tribe_ticket_capacity":"0","_ticket_start_date":"","_ticket_end_date":"","_tribe_ticket_show_description":"","_tribe_ticket_show_not_going":false,"_tribe_ticket_use_global_stock":"","_tribe_ticket_global_stock_level":"","_global_stock_mode":"","_global_stock_cap":"","_tribe_rsvp_for_event":"","_tribe_ticket_going_count":"","_tribe_ticket_not_going_count":"","_tribe_tickets_list":"[]","_tribe_ticket_has_attendee_info_fields":false,"footnotes":"","_tec_slr_enabled":"","_tec_slr_layout":""},"class_list":["post-67","page","type-page","status-publish","hentry"],"post_slider_layout_featured_media_urls":{"thumbnail":"","post_slider_layout_landscape_large":"","post_slider_layout_portrait_large":"","post_slider_layout_square_large":"","post_slider_layout_landscape":"","post_slider_layout_portrait":"","post_slider_layout_square":"","full":""},"ticketed":false,"_links":{"self":[{"href":"https:\/\/itf-senegal.com\/index.php\/wp-json\/wp\/v2\/pages\/67","targetHints":{"allow":["GET"]}}],"collection":[{"href":"https:\/\/itf-senegal.com\/index.php\/wp-json\/wp\/v2\/pages"}],"about":[{"href":"https:\/\/itf-senegal.com\/index.php\/wp-json\/wp\/v2\/types\/page"}],"author":[{"embeddable":true,"href":"https:\/\/itf-senegal.com\/index.php\/wp-json\/wp\/v2\/users\/1"}],"replies":[{"embeddable":true,"href":"https:\/\/itf-senegal.com\/index.php\/wp-json\/wp\/v2\/comments?post=67"}],"version-history":[{"count":5,"href":"https:\/\/itf-senegal.com\/index.php\/wp-json\/wp\/v2\/pages\/67\/revisions"}],"predecessor-version":[{"id":92,"href":"https:\/\/itf-senegal.com\/index.php\/wp-json\/wp\/v2\/pages\/67\/revisions\/92"}],"wp:attachment":[{"href":"https:\/\/itf-senegal.com\/index.php\/wp-json\/wp\/v2\/media?parent=67"}],"curies":[{"name":"wp","href":"https:\/\/api.w.org\/{rel}","templated":true}]}}

Mot du Président

<p><span class="fontstyle0"><img fetchpriority="high" decoding="async" class="alignright wp-image-88 size-large" src="https://itf-senegal.com/wp-content/uploads/2025/04/Mot-du-president-Demba-Seck-1024x816.jpeg" alt="" width="640" height="510" srcset="https://itf-senegal.com/wp-content/uploads/2025/04/Mot-du-president-Demba-Seck-1024x816.jpeg 1024w, https://itf-senegal.com/wp-content/uploads/2025/04/Mot-du-president-Demba-Seck-300x239.jpeg 300w, https://itf-senegal.com/wp-content/uploads/2025/04/Mot-du-president-Demba-Seck-768x612.jpeg 768w, https://itf-senegal.com/wp-content/uploads/2025/04/Mot-du-president-Demba-Seck.jpeg 1080w" sizes="(max-width: 640px) 100vw, 640px" />Chers pratiquants, passionnés et visiteurs,</span></p>
<p><span class="fontstyle0">C’est avec un immense honneur et une grande responsabilité que je m’adresse à vous en tant que Président de l’Association de Taekwon-Do ITF du Sénégal.</span></p>
<p><span class="fontstyle0">Notre mission est simple mais ambitieuse : faire rayonner le Taekwon-Do ITF au Sénégal et en Afrique, en transmettant fidèlement l’enseignement traditionnel du Général Choi Hong Hi, fondateur de notre art martial.</span></p>
<p><span class="fontstyle0">Depuis l’introduction du Taekwon-Do ITF au Sénégal en 2017, notre communauté n’a cessé de grandir, grâce à l’engagement de nos instructeurs, la passion de nos élèves, et le soutien indéfectible de nos partenaires. Aujourd’hui, nous comptons plusieurs clubs dynamiques, des instructeurs certifiés, des champions continentaux, et une énergie collective tournée vers l’excellence.</span></p>
<p><span class="fontstyle0">À travers ce site, nous souhaitons :</span></p>
<ul>
<li><span class="fontstyle0">mieux communiquer sur nos activités,</span></li>
<li>informer les pratiquants et les familles,</li>
<li>fédérer tous ceux qui croient aux valeurs du Taekwon-Do : courtoisie, intégrité, persévérance,</li>
<li>maîtrise de soi et courage indomptable.</li>
</ul>
<p><span class="fontstyle0">Nous avons l’ambition d’ouvrir nos portes à toutes les régions du Sénégal, d’organiser des événements internationaux, et de faire émerger une nouvelle génération de pratiquants inspirés, disciplinés et prêts à représenter fièrement notre nation sur les tatamis du monde entier.</span></p>
<p><span class="fontstyle0">Merci à chacun d’entre vous pour votre confiance, votre implication, et votre amour du Taekwon-Do ITF. </span></p>
<p><span class="fontstyle0">Taekwon !</span></p>

<p>Chers pratiquants, passionnés et visiteurs, C’est avec un immense honneur et une grande responsabilité que je m’adresse à vous en tant que Président de l’Association de Taekwon-Do ITF du Sénégal. Notre mission est simple mais ambitieuse : faire rayonner le Taekwon-Do ITF au Sénégal et en Afrique, en transmettant fidèlement l’enseignement traditionnel du Général Choi Hong Hi, fondateur de notre art martial. Depuis l’introduction du Taekwon-Do ITF au Sénégal en 2017, notre communauté n’a cessé de grandir, grâce à l’engagement de nos instructeurs, la passion de nos élèves, et le soutien indéfectible de nos partenaires. Aujourd’hui, nous comptons plusieurs clubs dynamiques, des instructeurs certifiés, des champions continentaux, et une énergie collective tournée vers l’excellence. À travers ce site, nous souhaitons : mieux communiquer sur nos activités, informer les pratiquants et les familles, fédérer tous ceux qui croient aux valeurs du Taekwon-Do : courtoisie, intégrité, persévérance, maîtrise de soi et courage indomptable. Nous avons l’ambition d’ouvrir nos portes à toutes les régions du Sénégal, d’organiser des événements internationaux, et de faire émerger une nouvelle génération de pratiquants inspirés, disciplinés et prêts à représenter fièrement notre nation sur les tatamis du monde entier. Merci à chacun d’entre vous pour votre confiance, votre implication, et votre amour du Taekwon-Do ITF. Taekwon !</p>
